{"id":70,"date":"2025-09-09T14:02:42","date_gmt":"2025-09-09T14:02:42","guid":{"rendered":"https:\/\/futuro.services\/?page_id=70"},"modified":"2025-09-09T14:31:19","modified_gmt":"2025-09-09T14:31:19","slug":"distribucion-y-catering-gourmet","status":"publish","type":"page","link":"https:\/\/futuro.services\/?page_id=70","title":{"rendered":"Distribuci\u00f3n y Catering Gourmet"},"content":{"rendered":"\n<div class=\"wp-block-group has-global-padding is-layout-constrained wp-block-group-is-layout-constrained\"><\/div>\n\n\n\n<div class=\"wp-block-group has-mono-1-background-color has-background has-global-padding is-layout-constrained wp-container-core-group-is-layout-c1473be1 wp-block-group-is-layout-constrained\" style=\"border-radius:9px;margin-top:0;margin-bottom:0;padding-top:var(--wp--preset--spacing--superbspacing-medium);padding-right:var(--wp--preset--spacing--superbspacing-medium);padding-bottom:var(--wp--preset--spacing--superbspacing-medium);padding-left:var(--wp--preset--spacing--superbspacing-medium)\">\n<p class=\"has-text-align-center has-contrast-light-color has-text-color has-link-color has-superbfont-small-font-size wp-elements-b389d16544aade29ba1d036243a542fd\" style=\"text-transform:uppercase\"><strong>Sabores exclusivos, log\u00edstica impecable<\/strong><\/p>\n\n\n\n<p class=\"has-contrast-light-color has-text-color has-link-color wp-elements-983f3b56350c335edd8c466b4ccfb174\">En <strong>Invers de Tres Futuro RJJ<\/strong> hemos creado un servicio a medida para quienes buscan <strong>productos gourmet de la m\u00e1s alta calidad<\/strong>, ya sea para un evento especial o para disfrutar en privado. Nuestro servicio de <strong>Distribuci\u00f3n y Catering Gourmet<\/strong> combina excelencia culinaria, presentaci\u00f3n elegante y una log\u00edstica cuidada en cada detalle.<\/p>\n\n\n\n<hr class=\"wp-block-separator has-text-color has-contrast-light-color has-alpha-channel-opacity has-contrast-light-background-color has-background\"\/>\n\n\n\n<h3 class=\"wp-block-heading has-contrast-light-color has-text-color has-link-color wp-elements-f096bdfc8f06ebb4d8f73b0b32f400e5\">\ud83e\uddc0 \u00bfQu\u00e9 ofrecemos?<\/h3>\n\n\n\n<p class=\"has-contrast-light-color has-text-color has-link-color wp-elements-9babdf1d2b0737f63f44e9b1ab833f5a\">Seleccionamos cuidadosamente los mejores productos nacionales e internacionales para ofrecer una experiencia gastron\u00f3mica \u00fanica:<\/p>\n\n\n\n<ul class=\"wp-block-list\">\n<li class=\"has-contrast-light-color has-text-color has-link-color wp-elements-588cd49f8e9ab9a45ce04ad83f4ecd09\"><strong>Carnes premium<\/strong>: cortes selectos, maduraci\u00f3n adecuada, presentaci\u00f3n de alto nivel.<\/li>\n\n\n\n<li class=\"has-contrast-light-color has-text-color has-link-color wp-elements-1d538d099d498cd5d62281d8c482545e\"><strong>Embutidos artesanales<\/strong>: jam\u00f3n ib\u00e9rico, lomo, salchich\u00f3n y chorizos de bellota.<\/li>\n\n\n\n<li class=\"has-contrast-light-color has-text-color has-link-color wp-elements-497748990a9eae2a6662916c69db96de\"><strong>Quesos curados manchegos<\/strong>: denominaci\u00f3n de origen, variedad de curaci\u00f3n y maridaje.<\/li>\n\n\n\n<li class=\"has-contrast-light-color has-text-color has-link-color wp-elements-ab96a5c55d1c272d02ef9202537bbf12\"><strong>Conservas gourmet<\/strong>: ventresca, at\u00fan claro, mejillones, navajas, berberechos.<\/li>\n\n\n\n<li class=\"has-contrast-light-color has-text-color has-link-color wp-elements-bb57a96cab2afe724147ab3071a4c2f4\"><strong>Caviares y delicatessen<\/strong>: selecci\u00f3n exclusiva para ocasiones especiales.<\/li>\n\n\n\n<li class=\"has-contrast-light-color has-text-color has-link-color wp-elements-2ce8b7178ba1d0cda265a955978a342a\"><strong>Complementos<\/strong>: frutos secos, panader\u00eda artesanal, vinos maridados y m\u00e1s.<\/li>\n<\/ul>\n\n\n\n<hr class=\"wp-block-separator has-text-color has-contrast-light-color has-alpha-channel-opacity has-contrast-light-background-color has-background\"\/>\n\n\n\n<h3 class=\"wp-block-heading has-contrast-light-color has-text-color has-link-color wp-elements-6cf13d873a189f0ce396b7219d791932\">\ud83c\udf7d\ufe0f \u00bfPara qui\u00e9n es este servicio?<\/h3>\n\n\n\n<p class=\"has-contrast-light-color has-text-color has-link-color wp-elements-b044e568a025f3944bbce26e61f2a51c\">Ofrecemos soluciones adaptadas a distintas necesidades:<\/p>\n\n\n\n<ul class=\"wp-block-list has-contrast-light-color has-text-color has-link-color wp-elements-3a3b9ff78d982f5b360d20984cfc15b5\">\n<li><strong>Eventos corporativos y reuniones VIP<\/strong><\/li>\n\n\n\n<li><strong>Catering para bodas, celebraciones y fiestas privadas<\/strong><\/li>\n\n\n\n<li><strong>Entregas personalizadas a domicilio o en empresas<\/strong><\/li>\n\n\n\n<li><strong>Regalos gourmet para clientes o empleados<\/strong><\/li>\n<\/ul>\n\n\n\n<hr class=\"wp-block-separator has-text-color has-contrast-light-color has-alpha-channel-opacity has-contrast-light-background-color has-background\"\/>\n\n\n\n<h3 class=\"wp-block-heading has-contrast-light-color has-text-color has-link-color wp-elements-28dc62d1153f037a4a558dc0ba3b32e6\">\ud83d\ude9a Log\u00edstica y presentaci\u00f3n<\/h3>\n\n\n\n<ul class=\"wp-block-list has-contrast-light-color has-text-color has-link-color wp-elements-c6bb9e09c57586d912c40114b05d1d99\">\n<li><strong>Entrega refrigerada y puntual<\/strong>, cumpliendo con todas las normativas sanitarias.<\/li>\n\n\n\n<li><strong>Presentaciones premium<\/strong> en bandejas, cajas o formatos especiales seg\u00fan el evento.<\/li>\n\n\n\n<li>Posibilidad de incluir personal para montaje y servicio en eventos.<\/li>\n\n\n\n<li>Opciones de packaging personalizado (branding corporativo, fechas especiales, etc.)<\/li>\n<\/ul>\n\n\n\n<hr class=\"wp-block-separator has-text-color has-contrast-light-color has-alpha-channel-opacity has-contrast-light-background-color has-background\"\/>\n\n\n\n<h3 class=\"wp-block-heading has-contrast-light-color has-text-color has-link-color wp-elements-62f163a2ab912af6395e45e1f2903373\">\ud83d\udcf7 Galer\u00eda<\/h3>\n\n\n\n<p class=\"has-contrast-light-color has-text-color has-link-color wp-elements-90db475d10755b4f1535a015bbd05391\"><\/p>\n\n\n\n<figure class=\"wp-block-gallery has-nested-images columns-default is-cropped wp-block-gallery-1 is-layout-flex wp-block-gallery-is-layout-flex\">\n<figure class=\"wp-block-image size-large\"><img loading=\"lazy\" decoding=\"async\" width=\"1024\" height=\"553\" data-id=\"78\" src=\"http:\/\/futuro.services\/wp-content\/uploads\/2025\/09\/Catering1-1024x553.png\" alt=\"\" class=\"wp-image-78\" srcset=\"https:\/\/futuro.services\/wp-content\/uploads\/2025\/09\/Catering1-1024x553.png 1024w, https:\/\/futuro.services\/wp-content\/uploads\/2025\/09\/Catering1-300x162.png 300w, https:\/\/futuro.services\/wp-content\/uploads\/2025\/09\/Catering1-768x415.png 768w, https:\/\/futuro.services\/wp-content\/uploads\/2025\/09\/Catering1.png 1392w\" sizes=\"auto, (max-width: 1024px) 100vw, 1024px\" \/><\/figure>\n\n\n\n<figure class=\"wp-block-image size-large\"><img loading=\"lazy\" decoding=\"async\" width=\"1024\" height=\"553\" data-id=\"63\" src=\"https:\/\/futuro.services\/wp-content\/uploads\/2025\/09\/Cornucopia1-1024x553.png\" alt=\"\" class=\"wp-image-63\" srcset=\"https:\/\/futuro.services\/wp-content\/uploads\/2025\/09\/Cornucopia1-1024x553.png 1024w, https:\/\/futuro.services\/wp-content\/uploads\/2025\/09\/Cornucopia1-300x162.png 300w, https:\/\/futuro.services\/wp-content\/uploads\/2025\/09\/Cornucopia1-768x415.png 768w, https:\/\/futuro.services\/wp-content\/uploads\/2025\/09\/Cornucopia1.png 1392w\" sizes=\"auto, (max-width: 1024px) 100vw, 1024px\" \/><\/figure>\n<\/figure>\n\n\n\n<figure class=\"wp-block-image alignwide size-large\"><img loading=\"lazy\" decoding=\"async\" width=\"1024\" height=\"553\" src=\"http:\/\/futuro.services\/wp-content\/uploads\/2025\/09\/generation-da2e4bac-ff0d-4c6e-baf3-5baaf8cb045d-1024x553.png\" alt=\"\" class=\"wp-image-75\" srcset=\"https:\/\/futuro.services\/wp-content\/uploads\/2025\/09\/generation-da2e4bac-ff0d-4c6e-baf3-5baaf8cb045d-1024x553.png 1024w, https:\/\/futuro.services\/wp-content\/uploads\/2025\/09\/generation-da2e4bac-ff0d-4c6e-baf3-5baaf8cb045d-300x162.png 300w, https:\/\/futuro.services\/wp-content\/uploads\/2025\/09\/generation-da2e4bac-ff0d-4c6e-baf3-5baaf8cb045d-768x415.png 768w, https:\/\/futuro.services\/wp-content\/uploads\/2025\/09\/generation-da2e4bac-ff0d-4c6e-baf3-5baaf8cb045d.png 1392w\" sizes=\"auto, (max-width: 1024px) 100vw, 1024px\" \/><\/figure>\n\n\n\n<hr class=\"wp-block-separator has-text-color has-contrast-light-color has-alpha-channel-opacity has-contrast-light-background-color has-background\"\/>\n\n\n\n<h3 class=\"wp-block-heading has-contrast-light-color has-text-color has-link-color wp-elements-a21718d9a5b6c2d91e6a5a834f7811e1\">\ud83d\udcde Cont\u00e1ctanos<\/h3>\n\n\n\n<p class=\"has-contrast-light-color has-text-color has-link-color wp-elements-6212a9015ea0b363dc7c5fd16c8bbaf7\">\u00bfQuieres una propuesta a medida? \u00bfNecesitas un men\u00fa especial para tu evento?<\/p>\n\n\n\n<p class=\"has-text-align-center has-contrast-light-color has-text-color has-link-color has-superbfont-small-font-size wp-elements-4319690146cea761159077f2b727551b\" style=\"text-transform:uppercase\"><br>\u27a1\ufe0f <strong><a href=\"https:\/\/futuro.services\/?page_id=23\" data-type=\"page\" data-id=\"23\">Habla <\/a><\/strong><a><strong>con nuestro equipo<\/strong><\/a><\/p>\n\n\n\n<p><\/p>\n<\/div>\n","protected":false},"excerpt":{"rendered":"<p>Sabores exclusivos, log\u00edstica impecable En Invers de Tres Futuro RJJ hemos creado un servicio a medida para quienes buscan productos gourmet de la m\u00e1s alta calidad, ya sea para un evento especial o para disfrutar en privado. Nuestro servicio de Distribuci\u00f3n y Catering Gourmet combina excelencia culinaria, presentaci\u00f3n elegante y una log\u00edstica cuidada en cada [&hellip;]<\/p>\n","protected":false},"author":1,"featured_media":0,"parent":0,"menu_order":0,"comment_status":"closed","ping_status":"closed","template":"","meta":{"footnotes":""},"class_list":["post-70","page","type-page","status-publish","hentry"],"_links":{"self":[{"href":"https:\/\/futuro.services\/index.php?rest_route=\/wp\/v2\/pages\/70","targetHints":{"allow":["GET"]}}],"collection":[{"href":"https:\/\/futuro.services\/index.php?rest_route=\/wp\/v2\/pages"}],"about":[{"href":"https:\/\/futuro.services\/index.php?rest_route=\/wp\/v2\/types\/page"}],"author":[{"embeddable":true,"href":"https:\/\/futuro.services\/index.php?rest_route=\/wp\/v2\/users\/1"}],"replies":[{"embeddable":true,"href":"https:\/\/futuro.services\/index.php?rest_route=%2Fwp%2Fv2%2Fcomments&post=70"}],"version-history":[{"count":5,"href":"https:\/\/futuro.services\/index.php?rest_route=\/wp\/v2\/pages\/70\/revisions"}],"predecessor-version":[{"id":82,"href":"https:\/\/futuro.services\/index.php?rest_route=\/wp\/v2\/pages\/70\/revisions\/82"}],"wp:attachment":[{"href":"https:\/\/futuro.services\/index.php?rest_route=%2Fwp%2Fv2%2Fmedia&parent=70"}],"curies":[{"name":"wp","href":"https:\/\/api.w.org\/{rel}","templated":true}]}}